{"id":2034,"date":"2024-11-25T00:56:00","date_gmt":"2024-11-25T05:56:00","guid":{"rendered":"https:\/\/www.smbingenieria.com\/site\/?post_type=product&#038;p=2034"},"modified":"2024-11-25T01:00:14","modified_gmt":"2024-11-25T06:00:14","slug":"sitrans-serie-lr100","status":"publish","type":"product","link":"https:\/\/www.smbingenieria.com\/site\/index.php\/producto\/sitrans-serie-lr100\/","title":{"rendered":"Sitrans Serie LR100"},"content":{"rendered":"","protected":false},"excerpt":{"rendered":"<h2><strong>Sitrans Serie LR100<\/strong><\/h2>\n<p>Son transmisores de nivel tipo radar compactos con tecnolog\u00eda inal\u00e1mbrica Bluetooth, para monitorear y medir de manera constante productos l\u00edquidos y solidos.<\/p>\n<p>SITRANS LR100: medici\u00f3n b\u00e1sica de 4-20 mA a 8 m con cable<br \/>\nSITRANS LR110: con comunicaciones, opciones de aprobaciones para zonas peligrosas y alcance de hasta 15 m<br \/>\nSITRANS LR120: con comunicaciones, mayor alcance hasta 30 m y escudo de inmersi\u00f3n opcional para protecci\u00f3n contra inundaciones<br \/>\nSITRANS LR140 &#8211; medidas b\u00e1sicas hasta 8 m con conexi\u00f3n terminal<br \/>\nSITRANS LR150: con comunicaci\u00f3n HART, aprobaciones para zonas peligrosas, opci\u00f3n HMI local y alcance de hasta 15 m<\/p>\n","protected":false},"featured_media":2040,"template":"","meta":[],"product_brand":[],"product_cat":[55],"product_tag":[],"class_list":{"0":"post-2034","1":"product","2":"type-product","3":"status-publish","4":"has-post-thumbnail","6":"product_cat-radares","8":"first","9":"instock","10":"shipping-taxable","11":"product-type-simple"},"_links":{"self":[{"href":"https:\/\/www.smbingenieria.com\/site\/index.php\/wp-json\/wp\/v2\/product\/2034","targetHints":{"allow":["GET"]}}],"collection":[{"href":"https:\/\/www.smbingenieria.com\/site\/index.php\/wp-json\/wp\/v2\/product"}],"about":[{"href":"https:\/\/www.smbingenieria.com\/site\/index.php\/wp-json\/wp\/v2\/types\/product"}],"version-history":[{"count":3,"href":"https:\/\/www.smbingenieria.com\/site\/index.php\/wp-json\/wp\/v2\/product\/2034\/revisions"}],"predecessor-version":[{"id":2039,"href":"https:\/\/www.smbingenieria.com\/site\/index.php\/wp-json\/wp\/v2\/product\/2034\/revisions\/2039"}],"wp:featuredmedia":[{"embeddable":true,"href":"https:\/\/www.smbingenieria.com\/site\/index.php\/wp-json\/wp\/v2\/media\/2040"}],"wp:attachment":[{"href":"https:\/\/www.smbingenieria.com\/site\/index.php\/wp-json\/wp\/v2\/media?parent=2034"}],"wp:term":[{"taxonomy":"product_brand","embeddable":true,"href":"https:\/\/www.smbingenieria.com\/site\/index.php\/wp-json\/wp\/v2\/product_brand?post=2034"},{"taxonomy":"product_cat","embeddable":true,"href":"https:\/\/www.smbingenieria.com\/site\/index.php\/wp-json\/wp\/v2\/product_cat?post=2034"},{"taxonomy":"product_tag","embeddable":true,"href":"https:\/\/www.smbingenieria.com\/site\/index.php\/wp-json\/wp\/v2\/product_tag?post=2034"}],"curies":[{"name":"wp","href":"https:\/\/api.w.org\/{rel}","templated":true}]}}